 d is divided by 14?
12
Calculate the remainder when 35/56*-6*-168 is divided by 79.
77
Let w(d) = -2*d**3 + 17*d**2 + 3*d - 75. What is the remainder when 138 is divided by w(8)?
8
Let f be (-24)/(-18) - (-2)/3. Suppose 4 = f*h - 28. Suppose 5*s = -1 + h. What is the remainder when 10 is divided by s?
1
Let c = 1006 + -967. What is the remainder when 76 is divided by c?
37
Suppose -6*g + 260 = -88. Calculate the remainder when 89 is divided by g.
31
Let r = 412 - 368. Calculate the remainder when r is divided by 12.
8
Let g be (4 + -2 - 0)/(10/80). Suppose -276 + g = -13*y. Calculate the remainder when y is divided by (2 - 4)*(-22)/4.
9
What is the remainder when (-385)/(-9) - 60/(-270) is divided by 6/18 - (-44)/3?
13
Let b = -141 + 169. What is the remainder when 105 is divided by b?
21
Let x = 97 - 4. Suppose 3*g - 2*t + 112 = 0, -3*g + 8*g + 192 = 2*t. Let s = -16 - g. What is the remainder when x is divided by s?
21
Let a(r) = -r**2 + 20*r + 153. Calculate the remainder when a(19) is divided by 36.
28
Let a = 205 - 133. Let u = a - 30. What is the remainder when u is divided by ((-8)/(-12))/((-6)/(-135))?
12
Let b(w) = 17*w - 35. Calculate the remainder when 262 is divided by b(6).
61
Suppose 5*j - 181 - 329 = 0. What is the remainder when j is divided by 26?
24
Let s be ((-230)/15)/(2/(-3)). Suppose s*a - 18*a = 325. Calculate the remainder when a is divided by (1 - 0) + (17 - 1).
14
Suppose 0 = -4*d + 79 + 65. Let a = 69 - d. Suppose -17 - 17 = -2*f. Calculate the remainder when a is divided by f.
16
Suppose -11*i = -9*i + 5*h - 3725, 0 = i - 3*h - 1857. What is the remainder when i is divided by 23?
20
Let w = 69 - 62. What is the remainder when -3*1/(-3)*19 is divided by w?
5
Let n be 3*2715/27 + (-4)/6. Suppose -369 = -3*s - 2*p, 3*s = 2*p + 56 + n. Calculate the remainder when s is divided by 31.
28
Let t(y) = 20*y + 10. Let d(o) = -21*o - 10. Let q(z) = -4*d(z) - 3*t(z). What is the remainder when q(4) is divided by 27?
25
Suppose 6*a + 4 = -m + 4*a, -3*m - 5*a = 8. Suppose -m*d + g + 151 = 0, 20 = 4*g - 0. Calculate the remainder when d is divided by 14.
11
Suppose 4*s - 3*s = 0. Suppose 3*w + 6 = -3*v, -2*v + 0*w + w + 11 = s. What is the remainder when 33 is divided by 238/21 + 2/v?
9
Let s = 582 + -486. What is the remainder when s is divided by 21?
12
Let u be ((-16)/20)/(-1*(-2)/(-5)). Suppose u*v - 140 = -70. What is the remainder when 97 is divided by v?
27
Let i(q) = 8*q**2 - 7*q - 4. Let t be i(-6). Let k(s) = 3*s - 7. Calculate the remainder when t/6 + 20/30 is divided by k(7).
13
Let t = -15 - -52. Suppose 0*z + 80 = 4*z. What is the remainder when t is divided by z?
17
Suppose 24 = 8*a - 2*a. Suppose r = a + 2. What is the remainder when 44 is divided by r?
2
Let v(z) = 14*z**2 + 3*z + 6. What is the remainder when 165 is divided by v(-2)?
53
Suppose -y + 0*q + 25 = 2*q, -170 = -5*y + 5*q. Let a(s) = 4*s**3 - 6*s**2 + 5*s - 1. What is the remainder when y is divided by a(2)?
14
What is the remainder when 89 is divided by 1537/159*(2 - -1)?
2
Suppose -u - 5*b = -106, 478 = -40*u + 44*u + 2*b. What is the remainder when u is divided by 60?
1
Let l = 81 - 93. Let g be (-4)/(-10)*(5 + 0). Calculate the remainder when (-130)/l - g/(-12) is divided by 6.
5
Calculate the remainder when (-24)/192 + (-1649)/(-8) is divided by 35.
31
Calculate the remainder when (-268)/(-2)*(-2)/(-4) is divided by (-7)/(((-35)/(-50))/(-1)).
7
Suppose -547 = -28*x - 71. Calculate the remainder when 303 is divided by x.
14
Suppose -21 = 9*b - 381. Let w = b - 8. What is the remainder when 125 is divided by w?
29
Suppose -l + 35 = 2*f + 2*f, -23 = -3*f - 4*l. Let r(t) = -t**3 + 7*t**2 + 10*t + 8. What is the remainder when r(8) is divided by f?
6
Suppose -11928 + 133 = 5*l. Let w be (-1)/3 - l/21. Let h = w - 66. What is the remainder when h is divided by 16?
14
Let d be (-2)/(-5)*(2 + -12). Suppose b - 21*g + 15 = -26*g, 4*g = -12. Calculate the remainder when (b - -7) + d/(-1) is divided by 5.
1
Let n(p) = 2*p + 5. Let r = -46 + 55. What is the remainder when n(10) is divided by r?
7
Let q be (-1336)/(-10) + (-5)/25*-2. Suppose -4*n = -5*p + q, 4*p + 2*n - 4*n - 106 = 0. What is the remainder when 97 is divided by p?
19
Suppose -3*j - 34 = -5*j + 5*r, j - 47 = -5*r. What is the remainder when 5 + -2 + 41 + 1 is divided by j?
18
Suppose 5*a + 2*o - 14 - 3 = 0, -3*o - 7 = a. Suppose -a*r - n + 86 = 0, 29 = 4*r - n - 38. What is the remainder when 32 is divided by r?
15
Let f be 111/9 - 16/(-24). Let m = -4 + f. What is the remainder when 61 is divided by m?
7
Suppose 0 = -93*m + 81*m + 372. What is the remainder when 90 is divided by m?
28
Calculate the remainder when (2 - 0) + ((-1105)/(-13) - -4) is divided by 33.
25
Let s(a) = 2. Let w(b) = 2*b + 35. Let l(v) = 4*s(v) - 2*w(v). Calculate the remainder when 86 is divided by l(-20).
14
Let k = -7 - -12. Suppose -k*r - b + 3 + 76 = 0, -91 = -5*r - 4*b. Suppose -84 = z - 3*z. What is the remainder when z is divided by r?
12
Let v = 150 + -110. Calculate the remainder when 118 is divided by v.
38
Let i(d) = -d**3 + 2*d**2 + 2*d. Let g be i(2). Suppose 90 = 5*m - 3*y - y, g*m = -y + 72. Calculate the remainder when 106 is divided by m.
16
What is the remainder when (-2277)/(-12) - (-5)/20 is divided by 12?
10
Suppose -54*f - 24*f = -3198. Calculate the remainder when 56 is divided by f.
15
Let i = 202 + -67. What is the remainder when i is divided by 46?
43
What is the remainder when (-10 - 32/(-12))/(2/(-3)) is divided by 7?
4
Let j be (-5)/2*2 - -454. Suppose -2*n = 2*w - 294, -3*w - 4*n - n + j = 0. What is the remainder when w is divided by 29?
27
Let o = -1097 - -1204. What is the remainder when o is divided by 396/14 + 4/(-14)?
23
Suppose 0 = 91*c - 95*c + 76. Suppose 6*i + 2*x - 7 = 5*i, -i + 2*x + 7 = 0. Calculate the remainder when c is divided by i.
5
Let x be -44*(-3 - (-102)/24). Let l = x - -68. What is the remainder when 23 is divided by l?
10
Suppose -408 = 146*n - 152*n. Calculate the remainder when n is divided by 9.
5
What is the remainder when (15/2 + 2)*4 is divided by 7?
3
Let m = 16 + -9. Calculate the remainder when (54/(-4))/((-13)/26) is divided by m.
6
Suppose -5*q = -3*l + 131, -4*q - 38 = -l + 15. What is the remainder when l is divided by 120/(-48)*(0 + -8)?
17
Let c(o) = -14*o**3 - 3*o**2 - 10*o - 10. Calculate the remainder when c(-2) is divided by 9.
2
Let j(n) = 2*n**3 + 8*n**2 - 3*n + 13. Let m be j(-6). Let o = m + 131. What is the remainder when 33 is divided by o?
15
Suppose -2*f = -26*f + 3528. Calculate the remainder when f is divided by 16/6*825/44.
47
Let w(v) = 2*v + 24. Suppose -2*u - 12 - 12 = 0. Let n be w(u). Suppose 12*h - 6*h - 96 = n. Calculate the remainder when 46 is divided by h.
14
Suppose 4337 = 17*z + 1056. Calculate the remainder when z is divided by 49.
46
Calculate the remainder when 98 is divided by 11 + 12/(9/3) + -4.
10
Suppose 6 = 3*l - 3*g, 5*l - 9 = -0*l + 4*g. Suppose 0 = 2*o + 4*v - 6, 5*o + 3*v = 29. Suppose -4*i - o = -11*i. What is the remainder when l is divided by i?
0
Calculate the remainder when -1*(-50 - 2 - 4) is divided by 20.
16
Suppose 197 = 20*c - 63. Calculate the remainder when 231 is divided by c.
10
Suppose 9 = -2*j - 0*j + v, 0 = -3*j + v - 15. Let b = 2 - j. What is the remainder when (-163)/(-7) - (-2)/(-7) is divided by b?
7
Suppose 1035 = 5*r - 155. What is the remainder when r is divided by 64?
46
Suppose -13*g = -3*g - 520. What is the remainder when g is divided by 11?
8
Let x(i) = -38*i**3 + i**2 - 2*i**2 + 1 + 0. Suppose 40 = 4*q + 2*p, -2*q - p + 2*p + 12 = 0. What is the remainder when x(-1) is divided by q?
6
Let l = 249 + -125. Suppose 0 = 9*x - 7*x - l. Suppose x = 3*o - 0*v + 2*v, 2*v = -5*o + 110. Calculate the remainder when 46 is divided by o.
22
Suppose 0 = u + 2*u + 30. Let o = -5 - u. Suppose -4*x = -q - 163, -q - 20 = -o*q. Calculate the remainder when x is divided by 11.
9
Suppose -7 = -k - 54. Let x = -29 - k. Calculate the remainder when x is divided by 10.
8
Let i be 10/(-4)*16/20. Calculate the remainder when 53 is divided by (-1)/(i/56*2).
11
Suppose -5*d + 97 = 2*s, 0*d = 2*d + 6. Let z = 66 - s. What is the remainder when 68 is divided by z?
8
Let c = -290 - -481. Calculate the remai